{"id":12,"date":"2014-08-26T23:12:47","date_gmt":"2014-08-26T22:12:47","guid":{"rendered":"http:\/\/www.sextantfrance.fr\/vendre-immobilier\/?page_id=12"},"modified":"2014-09-11T14:19:08","modified_gmt":"2014-09-11T13:19:08","slug":"le-process-de-vente","status":"publish","type":"page","link":"https:\/\/www.sextantfrance.fr\/vendre-immobilier\/le-process-de-vente\/","title":{"rendered":"Le processus de vente"},"content":{"rendered":"<p>Votre agent Sextant vous accompagne tout au long des 7 \u00e9tapes du processus de vente de votre propri\u00e9t\u00e9.<\/p>\n<table>\n<tbody>\n<tr>\n<td><a href=\"https:\/\/www.sextantfrance.fr\/vendre-immobilier\/wp-content\/uploads\/2014\/08\/Process1.jpg\"><img loading=\"lazy\" decoding=\"async\" class=\"alignnone size-full wp-image-65\" src=\"https:\/\/www.sextantfrance.fr\/vendre-immobilier\/wp-content\/uploads\/2014\/08\/Process1.jpg\" alt=\"Process1\" width=\"51\" height=\"73\" \/><\/a><\/td>\n<td>\n<ul>\n<li>Le premier contact: un rendez-vous avec votre agent est organis\u00e9 dans le but d\u2019estimer votre bien et de mieux comprendre vos attentes.<\/li>\n<\/ul>\n<\/td>\n<\/tr>\n<tr>\n<td><a href=\"https:\/\/www.sextantfrance.fr\/vendre-immobilier\/wp-content\/uploads\/2014\/08\/Process2.jpg\"><img loading=\"lazy\" decoding=\"async\" class=\"alignnone size-full wp-image-76\" src=\"https:\/\/www.sextantfrance.fr\/vendre-immobilier\/wp-content\/uploads\/2014\/08\/Process2.jpg\" alt=\"Process2\" width=\"51\" height=\"73\" \/><\/a><\/td>\n<td>\n<ul>\n<li>La prise de mandat: la r\u00e9daction du mandat certifi\u00e9 SNPI<\/li>\n<li>Le mandat Privil\u00e8ge Sextant: <a title=\"Mandat exclusif\" href=\"https:\/\/www.sextantfrance.fr\/vendre-immobilier\/le-mandat-privilege-sextant\/\">en savoir plus<\/a><\/li>\n<\/ul>\n<\/td>\n<\/tr>\n<tr>\n<td><a href=\"https:\/\/www.sextantfrance.fr\/vendre-immobilier\/wp-content\/uploads\/2014\/08\/Process3.jpg\"><img loading=\"lazy\" decoding=\"async\" class=\"alignnone size-full wp-image-77\" src=\"https:\/\/www.sextantfrance.fr\/vendre-immobilier\/wp-content\/uploads\/2014\/08\/Process3.jpg\" alt=\"Process3\" width=\"51\" height=\"73\" \/><\/a><\/td>\n<td>\n<ul>\n<li>R\u00e9daction de l\u2019annonce en fran\u00e7ais par votre agent et en anglais par notre \u00e9quipe marketing bas\u00e9e \u00e0 Londres.<\/li>\n<li>Optimisation de votre annonce sur les portails immobiliers.<\/li>\n<\/ul>\n<\/td>\n<\/tr>\n<tr>\n<td><a href=\"https:\/\/www.sextantfrance.fr\/vendre-immobilier\/wp-content\/uploads\/2014\/08\/Process4.jpg\"><img loading=\"lazy\" decoding=\"async\" class=\"alignnone size-full wp-image-78\" src=\"https:\/\/www.sextantfrance.fr\/vendre-immobilier\/wp-content\/uploads\/2014\/08\/Process4.jpg\" alt=\"Process4\" width=\"51\" height=\"73\" \/><\/a><\/td>\n<td>\n<ul>\n<li>Les visites: votre agent met ses comp\u00e9tences \u00e0 votre service tout au long des visites<\/li>\n<\/ul>\n<\/td>\n<\/tr>\n<tr>\n<td><a href=\"https:\/\/www.sextantfrance.fr\/vendre-immobilier\/wp-content\/uploads\/2014\/08\/Process5.jpg\"><img loading=\"lazy\" decoding=\"async\" class=\"alignnone size-full wp-image-79\" src=\"https:\/\/www.sextantfrance.fr\/vendre-immobilier\/wp-content\/uploads\/2014\/08\/Process5.jpg\" alt=\"Process5\" width=\"51\" height=\"73\" \/><\/a><\/td>\n<td>\n<ul>\n<li>Le temps des propositions: rencontrez votre agent pour faire le point sur les visites et les propositions. Profitez de son expertise pour faire le choix optimal.<\/li>\n<\/ul>\n<\/td>\n<\/tr>\n<tr>\n<td><a href=\"https:\/\/www.sextantfrance.fr\/vendre-immobilier\/wp-content\/uploads\/2014\/08\/Process6.jpg\"><img loading=\"lazy\" decoding=\"async\" class=\"alignnone size-full wp-image-80\" src=\"https:\/\/www.sextantfrance.fr\/vendre-immobilier\/wp-content\/uploads\/2014\/08\/Process6.jpg\" alt=\"Process6\" width=\"51\" height=\"73\" \/><\/a><\/td>\n<td>\n<ul>\n<li>La vente: votre agent se d\u00e9place pour la signature avec le notaire.<\/li>\n<\/ul>\n<\/td>\n<\/tr>\n<\/tbody>\n<\/table>\n<p>&nbsp;<\/p>\n","protected":false},"excerpt":{"rendered":"<p>Votre agent Sextant vous accompagne tout au long des 7 \u00e9tapes du processus de vente de votre propri\u00e9t\u00e9. Le premier contact: un rendez-vous avec votre agent est organis\u00e9 dans le but d\u2019estimer votre bien et de mieux comprendre vos attentes. La prise de mandat: la r\u00e9daction du mandat certifi\u00e9 SNPI Le mandat Privil\u00e8ge Sextant: en [&hellip;]<\/p>\n","protected":false},"author":2,"featured_media":0,"parent":0,"menu_order":0,"comment_status":"open","ping_status":"open","template":"","meta":{"footnotes":""},"_links":{"self":[{"href":"https:\/\/www.sextantfrance.fr\/vendre-immobilier\/wp-json\/wp\/v2\/pages\/12"}],"collection":[{"href":"https:\/\/www.sextantfrance.fr\/vendre-immobilier\/wp-json\/wp\/v2\/pages"}],"about":[{"href":"https:\/\/www.sextantfrance.fr\/vendre-immobilier\/wp-json\/wp\/v2\/types\/page"}],"author":[{"embeddable":true,"href":"https:\/\/www.sextantfrance.fr\/vendre-immobilier\/wp-json\/wp\/v2\/users\/2"}],"replies":[{"embeddable":true,"href":"https:\/\/www.sextantfrance.fr\/vendre-immobilier\/wp-json\/wp\/v2\/comments?post=12"}],"version-history":[{"count":0,"href":"https:\/\/www.sextantfrance.fr\/vendre-immobilier\/wp-json\/wp\/v2\/pages\/12\/revisions"}],"wp:attachment":[{"href":"https:\/\/www.sextantfrance.fr\/vendre-immobilier\/wp-json\/wp\/v2\/media?parent=12"}],"curies":[{"name":"wp","href":"https:\/\/api.w.org\/{rel}","templated":true}]}}