{"id":8,"date":"2014-08-26T23:12:07","date_gmt":"2014-08-26T22:12:07","guid":{"rendered":"http:\/\/www.sextantfrance.fr\/vendre-immobilier\/?page_id=8"},"modified":"2017-10-20T14:49:36","modified_gmt":"2017-10-20T13:49:36","slug":"la-clientele-internationale","status":"publish","type":"page","link":"https:\/\/www.sextantfrance.fr\/vendre-immobilier\/la-clientele-internationale\/","title":{"rendered":"La client\u00e8le internationale"},"content":{"rendered":"<p style=\"text-align: justify;\">La mission du groupe Sextant est de promouvoir une s\u00e9lection de biens immobiliers en France \u00e0 des clients du monde entier. Ceux-ci sont principalement de Grande Bretagne, mais \u00e9galement hollandais, am\u00e9ricains, allemands, chinois, russes, indiens et m\u00eame fran\u00e7ais. Notre site Internet www.sextantproperties.com attire tous les mois plus de 100.000 acheteurs potentiels \u00e0 la recherche d\u2019une propri\u00e9t\u00e9 en France, ce qui en fait aujourd\u2019hui le site Internet sp\u00e9cialis\u00e9 sur les biens immobiliers fran\u00e7ais le plus visit\u00e9 en Grande Bretagne. Celui-ci, traduit en 6 langues, regroupe en permanence plus de 12.000 propri\u00e9t\u00e9s \u00e0 la vente sur le territoire fran\u00e7ais.<\/p>\n<p style=\"text-align: justify;\">Le groupe Sextant, dont le si\u00e8ge historique se situe \u00e0 Londres, et dont la mission est d\u2018assurer la plus forte exposition m\u00e9diatique de ses propri\u00e9t\u00e9s \u00e0 l\u2019international, dispose \u00e9galement en France d\u2019une structure titulaire de la carte d\u2019agent immobilier, Sextant Properties SARL, et \u00e0 ce titre est habilit\u00e9e \u00e0 la r\u00e9alisation de transactions immobili\u00e8res sur le territoire national.<\/p>\n<p style=\"text-align: justify;\">En r\u00e9sum\u00e9, la compl\u00e9mentarit\u00e9 de notre structure britannique, reconnue comme la r\u00e9f\u00e9rence en Grande Bretagne de la promotion de propri\u00e9t\u00e9s en France, avec celle de notre structure d\u2019agence immobili\u00e8re fran\u00e7aise, est un atout unique et fait du groupe Sextant votre partenaire privil\u00e9gi\u00e9 pour la promotion de votre maison aupr\u00e8s d\u2019une client\u00e8le internationale.<\/p>\n","protected":false},"excerpt":{"rendered":"<p>La mission du groupe Sextant est de promouvoir une s\u00e9lection de biens immobiliers en France \u00e0 des clients du monde entier. Ceux-ci sont principalement de Grande Bretagne, mais \u00e9galement hollandais, am\u00e9ricains, allemands, chinois, russes, indiens et m\u00eame fran\u00e7ais. Notre site Internet www.sextantproperties.com attire tous les mois plus de 100.000 acheteurs potentiels \u00e0 la recherche d\u2019une [&hellip;]<\/p>\n","protected":false},"author":2,"featured_media":52,"parent":0,"menu_order":0,"comment_status":"open","ping_status":"open","template":"","meta":{"footnotes":""},"_links":{"self":[{"href":"https:\/\/www.sextantfrance.fr\/vendre-immobilier\/wp-json\/wp\/v2\/pages\/8"}],"collection":[{"href":"https:\/\/www.sextantfrance.fr\/vendre-immobilier\/wp-json\/wp\/v2\/pages"}],"about":[{"href":"https:\/\/www.sextantfrance.fr\/vendre-immobilier\/wp-json\/wp\/v2\/types\/page"}],"author":[{"embeddable":true,"href":"https:\/\/www.sextantfrance.fr\/vendre-immobilier\/wp-json\/wp\/v2\/users\/2"}],"replies":[{"embeddable":true,"href":"https:\/\/www.sextantfrance.fr\/vendre-immobilier\/wp-json\/wp\/v2\/comments?post=8"}],"version-history":[{"count":2,"href":"https:\/\/www.sextantfrance.fr\/vendre-immobilier\/wp-json\/wp\/v2\/pages\/8\/revisions"}],"predecessor-version":[{"id":339,"href":"https:\/\/www.sextantfrance.fr\/vendre-immobilier\/wp-json\/wp\/v2\/pages\/8\/revisions\/339"}],"wp:featuredmedia":[{"embeddable":true,"href":"https:\/\/www.sextantfrance.fr\/vendre-immobilier\/wp-json\/wp\/v2\/media\/52"}],"wp:attachment":[{"href":"https:\/\/www.sextantfrance.fr\/vendre-immobilier\/wp-json\/wp\/v2\/media?parent=8"}],"curies":[{"name":"wp","href":"https:\/\/api.w.org\/{rel}","templated":true}]}}